(l) = 2 - 1 + 3*l**2 + 0 - 4*l. What is the remainder when d(-8) is divided by b(3)?
15
Let r = -24 - -68. Suppose 5*q = 59 + 16. What is the remainder when r is divided by q?
14
Suppose 12 = 3*q - q. Let j be (-237)/(-5) - q/15. Let x = j - 34. Calculate the remainder when 38 is divided by x.
12
Let x = -1 - -1. Suppose x = -4*s - z + 147, -s + 23 = 4*z + 5. What is the remainder when s is divided by 13?
12
Let i(h) be the third derivative of 2/3*h**3 + 3/20*h**5 + 0 - 2*h**2 - 1/8*h**4 - 1/120*h**6 + 0*h. Calculate the remainder when i(8) is divided by 15.
14
Let u(z) = -z**3 - 3*z**2 - 4*z - 3. What is the remainder when 22/(-231) + (-1268)/(-84) is divided by u(-3)?
6
Suppose 5*l = 3*a + 533 + 186, 0 = -4*l - 2*a + 584. Calculate the remainder when l is divided by 37.
34
Suppose -3*j = 6, -3*o - 5*j + 0*j = -17. Let s = -4 + o. Suppose 4*f - 13 = 19. What is the remainder when f is divided by s?
3
Let a(r) = -r**2 - 3*r + 8. Let j be a(-7). Let n = 12 - -4. What is the remainder when 10/(-4)*496/j is divided by n?
14
Suppose -2*l - 1 - 1 = 0. Let a(p) = -p**2 + 6*p + 3. What is the remainder when (-3 + 5 - -22) + l is divided by a(5)?
7
Let v be (1 - 2)*(1 - 8). Suppose 1 = -t - 7*c + 4*c, -v = t + 5*c. Calculate the remainder when 31 is divided by t.
7
Let v = -30 + 157. Suppose -2*z + 4*z = -l + 69, -l = -4*z + 123. Calculate the remainder when v is divided by z.
31
Let x = 103 + -247. Calculate the remainder when (x/15)/(-6)*25 is divided by 14.
12
Let c be (-4)/(-26) + (-8358)/(-91). Suppose -5*p + 275 - c = i, i = -2*p + 72. What is the remainder when p is divided by 13?
11
Calculate the remainder when 112 is divided by (31 - (-8 - -3)) + 2.
36
Suppose z + 3 = -2*z. Let s be ((-1)/2)/(z/6). What is the remainder when 7 is divided by (-7)/((-21)/18) - s?
1
Let r = 46 + -27. Let p(m) = -m**2 + 15*m + 29. Calculate the remainder when p(13) is divided by r.
17
Let d(x) = 28*x**2 + 4*x + 4. Let h be 6*((-2)/(-4) + 0). Let m = 13 - h. Calculate the remainder when d(-1) is divided by m.
8
Let s(w) = -2*w**3 - 4*w**2 + 3*w + 5. Calculate the remainder when s(-4) is divided by 29.
28
Let q = 12 + 33. Suppose -5*v = -270 + q. Suppose -5*m + 10 = -v. Calculate the remainder when m is divided by 6.
5
What is the remainder when 664/12*(-6)/(-4) is divided by 21?
20
Let o(l) = 7*l + 1. Let f be o(2). Suppose 3 = -4*y + f. Suppose -2*c + 0*c = -6, -24 = -5*u - y*c. What is the remainder when u is divided by 2?
1
Let f(j) = j**3 - 6*j**2 - 8*j + 3. Let c be f(7). Let k = 3 + c. Let m(d) = -9*d. Calculate the remainder when m(k) is divided by 5.
4
Let z be 2/(-5) - 433/5. Let q be (-1)/(2 + 177/z). Suppose 3*x - 2*m - q = 3*m, 3*x + 2*m = 1. What is the remainder when 5 is divided by x?
2
Suppose -1582 = -4*a - 10*a. Calculate the remainder when a is divided by 38.
37
Let k = 40 + -12. Let g = 2 + k. What is the remainder when g is divided by 16?
14
Let c(p) = 15*p**3 - 2*p**2 + p. What is the remainder when c(1) is divided by 5?
4
Let i = 9 + -4. Let q(o) = o**3 - 6*o**2 + 6*o + 6. Suppose w + 3 = 0, 0 = -5*r - 5*w - 20 + 165. What is the remainder when r is divided by q(i)?
10
Let x(l) = 21*l + 38. Calculate the remainder when x(4) is divided by 25.
22
Calculate the remainder when (9/2)/(-6 - (-289)/48) is divided by 55.
51
Suppose -4*q - 10 = -3*q. Let n be (-4)/q + (-10)/25. Suppose -5*x - 8 + 53 = n. What is the remainder when x is divided by 5?
4
Let j(a) = 4*a - 4. Let m be j(3). Calculate the remainder when 16 is divided by 7 - -1 - 16/m.
4
Let u(i) = -i**2 + 8*i. Let g be u(8). Suppose g*x = -3*x + 177. Calculate the remainder when x is divided by 20.
19
Let i be 31/(-3)*(-5 + 2). Calculate the remainder when (-1 - 1) + 0 + i is divided by 10.
9
Suppose 3*a + 16 = 7*a. Let v(y) = -3*y + a*y**2 - 6*y - 5*y**2. What is the remainder when 23 is divided by v(-8)?
7
Let t be -2 - ((-3 - -6) + -6). Let f = 1 + t. What is the remainder when 7 is divided by (-45)/(-10) + (-1)/f?
3
Suppose -r + 4 = -5. Let p(o) = o**3 + 4*o**2 - 3*o - 2. Calculate the remainder when p(2) is divided by r.
7
Suppose 52 = 3*l + 4*k, 20 = -0*l + l + 2*k. Suppose 3*o = l + 6. Calculate the remainder when 17 is divided by o.
5
Let t = -135 - -342. What is the remainder when t is divided by 26?
25
Suppose 0 = -4*q - q + 120. Calculate the remainder when 69 is divided by q.
21
Let k be (-5)/10*(0 + -4). Let j be ((-2)/(-6))/(k/78). Let q = 25 - j. What is the remainder when 34 is divided by q?
10
Suppose 3*c - 3*q - 26 = 2*c, 4*q - 187 = -5*c. What is the remainder when c is divided by 9?
8
Let b be (-2)/(-5) + (-768)/(-30). Let v = b + -10. Let w = v + -10. Calculate the remainder when 9 is divided by w.
3
Suppose 3*a - 4*a + o + 30 = 0, 2*o - 36 = -a. What is the remainder when a is divided by 17?
15
Suppose -5*c + 61 = 2*j, 20 = 3*c + 5. Let o be 3*-1 + (5 - 5). Calculate the remainder when j is divided by -15*(o + (-14)/(-6)).
8
Let p(x) = -x**2 + 4*x + 7. What is the remainder when 5 is divided by p(5)?
1
Let o(a) = a + 14. What is the remainder when 61 is divided by o(7)?
19
Suppose -5*v - 7 - 15 = -2*z, 4*v = -4*z - 12. Suppose -f = -5*d - 23, 0*d - 60 = -2*f + 3*d. What is the remainder when f is divided by 2 - (8/v + -13)?
16
Suppose 2*b + 162 - 422 = 0. What is the remainder when b is divided by 12?
10
Let j(k) = 9*k**2 + k - 2. Suppose 0 = -2*u - u + 5*v + 21, u - 14 = 4*v. What is the remainder when j(2) is divided by u/4 + (-111)/(-6)?
17
Let s(o) = o**3 - o + 23. Suppose 0 = a - 5*a. Calculate the remainder when s(a) is divided by 13.
10
Let r = 76 + -49. Let y(l) = -1 + 2*l - 3*l + 9*l. Calculate the remainder when r is divided by y(2).
12
Suppose -4*n + 5*n = 8. Calculate the remainder when 14 is divided by n.
6
Let g = 0 + 2. Let f be 0*(g - (-2)/(-2)). Let x(h) = -h + 9. Calculate the remainder when 26 is divided by x(f).
8
Let g = -25 + 15. Let y = 22 + g. What is the remainder when 23 is divided by y?
11
Let p = -85 - -104. Suppose -2*j + 3*u = u - 148, 3*u = 2*j - 148. Calculate the remainder when j is divided by p.
17
Let v = 34 + -18. Calculate the remainder when v is divided by 9.
7
Suppose 0 = -5*r - 2*z + 58, r + 5*z - 14 = -7. Calculate the remainder when 68 is divided by r.
8
Suppose 2*p + 96 = 10*p. What is the remainder when 28 is divided by p?
4
Let z(m) = 2*m**2 + 2*m - 4. Suppose -74 = -5*d + 3*d. Calculate the remainder when d is divided by z(-3).
5
Let a = 4 - 2. Let x be 249/7 + 3/7. Suppose 5*u = -a*n + x, 8*u - 3*n = 3*u + 46. What is the remainder when 23 is divided by u?
7
Suppose -7*m + 204 - 8 = 0. Calculate the remainder when 110 is divided by m.
26
Let t(s) = s**3 - 5*s**2 + 3*s - 2. Let y be t(5). Let p = -8 + y. Suppose -p*v + 74 = -46. Calculate the remainder when v is divided by 13.
11
Let k = -11 + 31. Suppose -7 - k = -3*i. Suppose 0 = -d - 0 + i. What is the remainder when 25 is divided by d?
7
Let b(q) = -2*q - 20. What is the remainder when 27 is divided by b(-15)?
7
Suppose -2*p = j - 3, -3*j = 4*p - 2*p - 9. Let c be j - -2 - (1 + 0). Calculate the remainder when (-12)/9*(-6)/c is divided by 2.
0
Suppose 16 = 2*s + 3*l, l + 2 = 2*s - 3*l. What is the remainder when s is divided by 3?
2
Let z(j) = j**3 + 5*j**2 - 8*j. Suppose 0 = 3*y + 11 + 7. Calculate the remainder when 22 is divided by z(y).
10
Suppose -9*u = -6*u - 102. What is the remainder when 66 is divided by u?
32
Let n be -3*-2*(-2)/(-12). What is the remainder when 4 is divided by 4 + -2 + n + -1?
0
Let w(k) = 13*k. Calculate the remainder when 37 is divided by w(1).
11
Let v(h) = h**2 + 6*h - 1. What is the remainder when v(-8) is divided by 9?
6
Suppose 10 = -3*u - 3*l + 34, -u = 3*l - 18. Calculate the remainder when ((-6)/(-10))/((-29)/(-290)) is divided by u.
0
Suppose z - 26 = 9. What is the remainder when 97 is divided by z?
27
Let s(c) = -c**3 - 7*c**2 - 9*c. Suppose 0 = 2*y - 3*y + 22. Suppose -5*p + o - 6*o = -70, 3*p - 2*o = y. What is the remainder when s(-6) is divided by p?
8
Suppose h + 1 - 6 = 0. What is the remainder when h is divided by 2?
1
Let z = 9 + -7. Suppose 4*p = z + 14. What is the remainder when 11 is divided by p?
3
Let w(b) be the second derivative of b**6/720 - b**5/24 + b**4/6 + b. Let r(j) be the third derivative of w(j). Wh